en 107 is divided by b?
19
Let v = 23583 - 23312. What is the remainder when v is divided by 41?
25
Let n(v) = -18*v - 1. Let a be (-1 - -2)*(-2 - -1). Suppose 9*i - 14*i + 323 = 3*g, -i = 3*g - 55. What is the remainder when i is divided by n(a)?
16
Let v = 2774 + -2626. Calculate the remainder when 287 is divided by v.
139
Suppose y - 25*y = -144. Suppose 34 = y*a - 4*a - 2*d, d = 4*a - 65. Calculate the remainder when 27 is divided by a.
11
Suppose -5*y = -8*y + 120. Calculate the remainder when y is divided by ((-22)/3)/(3/(-9)).
18
Suppose w = -4*x + 521, 4*x - w = 247 + 264. What is the remainder when x is divided by 48?
33
Let j(a) = a**3 - 35*a + 10. Let m be j(6). Suppose 0 = -4*q - 8, -n - 3*q = 2*q - m. Calculate the remainder when n is divided by 21.
5
Let f = 10521 - 10374. What is the remainder when 3233 is divided by f?
146
Suppose 660 + 2046 + 948 = 42*n. What is the remainder when 909 is divided by n?
39
Suppose 353*t - 277016 - 37728 = 17429. What is the remainder when 1889 is divided by t?
7
Let p be 6 + -1 - (-14 - -14). Suppose -5*d + 153 = 2*l - 6*l, -p*l + 106 = 4*d. Calculate the remainder when d is divided by 19.
10
Let g be (18/27)/(4*(-2)/84). Let z(s) = 5*s + 44. What is the remainder when 35 is divided by z(g)?
8
Let g = -139 + 194. What is the remainder when 129 is divided by g?
19
Let f be (-16)/(-7) - 2/7. Suppose 3*v + 150 = 3*r, -197 = -f*r - 2*r + 3*v. Calculate the remainder when r is divided by (12/14)/(57/(-84) - 42/(-56)).
11
Let i(m) be the third derivative of m**4/3 + 17*m**3/2 - 43*m**2. Let z be i(-12). Let x = 57 + z. What is the remainder when 23 is divided by x?
11
Calculate the remainder when 1167 is divided by (29 - 10) + 17/(-5) + (-2)/(-5).
15
Suppose -o = -2*o + 27. Let a = o + -9. Let p = -572318 - -572385. What is the remainder when p is divided by a?
13
Suppose 11*f = -170*f + 15592 + 6671. What is the remainder when 2080 is divided by f?
112
Suppose -23*u + 134 = 144 - 447. Calculate the remainder when 4708/55 - 2/(-5) is divided by u.
10
What is the remainder when 86 is divided by 515/7 - ((-64)/(-56) - 275/175)?
12
Suppose 119*s + 10*s = 43473. What is the remainder when s is divided by 10?
7
Calculate the remainder when 111 is divided by 30/5*8*6/24.
3
Let o = 55 - 49. What is the remainder when (3 - (-2 + 3))*1 - -43 is divided by -8*(o/(-4) - 0)?
9
Suppose 13*t + 20715 - 23432 = 0. What is the remainder when 1049 is divided by t?
4
Suppose -4*r = -z - r + 103, 4*r = 13*z - 1024. What is the remainder when 1329 is divided by z?
37
Suppose -54 = -f + 3*d, 0*d = -5*f + 4*d + 325. Suppose -5*c + 91 = 3*s - 2*s, 75 = 4*c + 3*s. Let x = c - 4. Calculate the remainder when f is divided by x.
13
Suppose 17 + 18 = 3*i + 5*u, u = -4*i + 75. Let a = 141 + -119. What is the remainder when 1712/i + (-2)/(-5) is divided by a?
20
Suppose 0 = -13678*u + 13049*u + 6919. Suppose 6*m = m - 3220. What is the remainder when m/(-10) - (-2)/(-5) is divided by u?
9
Suppose -16*p + 14*p + 34*p - 1024 = 0. Calculate the remainder when 761 is divided by p.
25
Let i(k) = -16*k - 73. Let y be i(-7). Calculate the remainder when (-1 + 3 + y)/(12/24) is divided by 22.
16
Let i = -486 - -358. Let w = 162 + i. Suppose c + 0 - 5 = 0. What is the remainder when w is divided by c?
4
Suppose -3*h + 415 = 4*u, 6*u = 2*h + 4*u - 314. What is the remainder when h is divided by 31?
25
Let f(d) be the second derivative of -d**3/3 + 26*d**2 + 2*d - 198. Let u be -1 + (1*-2)/(-2). What is the remainder when f(u) is divided by 19?
14
Suppose 0 = -108*f + 28621 + 5136 + 23159. What is the remainder when f is divided by 133?
128
Calculate the remainder when 830 is divided by ((5 - 1) + (-9)/3)/(13/1534).
4
Calculate the remainder when ((-4)/(-6))/((-122)/(-197091)) is divided by 12.
9
Suppose -y = 5*b - 35, 0 = -0*b + b - y - 7. Calculate the remainder when ((-8)/(-22))/((-946)/(-26015)) is divided by b.
3
Suppose 9 = 3*x - o - 10, 0 = -4*x - 2*o + 42. Let a(h) = 13*h - 15. Let i be a(-13). Calculate the remainder when i/(-6) - (-4)/12 is divided by x.
7
Suppose 18754 = 4*v - 0*v + 2778. Calculate the remainder when v is divided by 399.
4
Let q(h) = 136*h**2 - 1628*h - 12. What is the remainder when 4715 is divided by q(12)?
35
Calculate the remainder when 1119 is divided by 338 + 0 + -28 + 8.
165
Let i be 272/9 + (-2)/9. Let z = i - 15. Calculate the remainder when (6308/11039)/(131/(-133) + 1) is divided by z.
8
Let c(g) = 39*g + 38*g + 30*g + 31 - 102*g. Let f be c(7). Let m = f + -62. What is the remainder when m is divided by 2?
0
Suppose 2*u + 3*m - 11 = 10, 3*u + 3*m = 30. Let l = -3 - u. Let z(t) = t + 26. Calculate the remainder when 83 is divided by z(l).
13
Suppose -392*o = -373*o - 137256. Calculate the remainder when o is divided by 15.
9
Let a be (6171/9 + 3)/(48/(-72)). Let v = a + 1107. Calculate the remainder when v is divided by 11.
8
Let s = 59 + -27. Let p be 8/36 + (-4395)/(-27). Let v = p + -36. Calculate the remainder when v is divided by s.
31
Suppose 2477 - 2130 = p. Calculate the remainder when p is divided by 32.
27
Let g(l) = -2*l**3 + 11*l**2 + 13*l - 3. What is the remainder when 370 is divided by g(6)?
19
Let y = -4492 - -4565. What is the remainder when 250 is divided by y?
31
Suppose -4*y + 5*r + 337 = 0, 0 = -8*r + 5*r - 15. Calculate the remainder when 189 is divided by y.
33
Suppose k = -0*k - 22. Suppose 7*y - 3*y + 3*x - 118 = 0, -4*y + x = -110. Let b = y + k. What is the remainder when 10 is divided by b?
4
Let q = 50 - -14. Let o = q + -61. Let x = o - -6. Calculate the remainder when 16 is divided by x.
7
Let n = -11639 - -13198. What is the remainder when n is divided by 192?
23
Let w = 12 + -195. Let m = 200 + w. What is the remainder when m is divided by -1*1/2*-22?
6
Suppose 81*g + 220*g = -13*g + 5966. Calculate the remainder when (-4)/10 - 564/(-10) is divided by g.
18
Suppose -g + 0*g = 4*s - 5, 2*s + 15 = 3*g. Suppose -6*h + 290 = -h + g*r, 3*r + 106 = 2*h. What is the remainder when h is divided by 20*((-4)/(-5))/1?
8
Let u(y) = 55*y - 60. Let v be u(4). Suppose -2*k - 5*c = -v, 4*c = -3*k - 0*c + 226. Calculate the remainder when k is divided by 24.
22
Suppose 0 = r + 4*r. Suppose -4*g - 5*f + 144 = r, 4*g + f - 97 = g. Let s = -1328 + 1339. Calculate the remainder when g is divided by s.
9
Let s = -35308 + 35324. Let i(u) = 318*u**2 - 1. What is the remainder when i(-1) is divided by s?
13
Let a(n) = -5*n - 66. Suppose 0 = -19*z - 465 + 161. Let h(i) = -2*i - 4. What is the remainder when a(z) is divided by h(-4)?
2
Let t be 5/4 + 2124/16. Let n = t - 119. Calculate the remainder when n is divided by 2.
1
Suppose 8656 - 1516 = 30*r. What is the remainder when r is divided by 42?
28
Suppose -2 = 2*t + 5*d, -2*t = -3*d - 2*d - 18. Suppose 3*j + s = 2*j + 29, j = -t*s + 23. Calculate the remainder when 150 is divided by j.
26
Suppose -4*a + 15 = 3*n - 0*n, -n + 2*a + 5 = 0. Suppose n*i - 2*i = 360. Let j = 123 - i. Calculate the remainder when 9 is divided by j.
0
Let x(z) = z + 4. Let l be x(3). Let a(u) = -u**3 + 10*u**2 - 7*u. Let s be a(l). What is the remainder when (28/s)/((-2)/(-182)) is divided by 4?
2
Suppose -8*q = -4030 + 3622. Calculate the remainder when 5556 is divided by q.
48
Let m = 378 + -330. Calculate the remainder when m is divided by 33.
15
Suppose -o - 5*f + 102 = 27, 9*o = 2*f + 111. Let h = -23 - -47. Calculate the remainder when h is divided by o.
9
Let u = -438 - -303. Let i be (-2)/8 + u/(-12). Let d = i - -8. What is the remainder when 74 is divided by d?
17
Let j(g) = -5*g - 43. Let s = -1451 + 1857. Calculate the remainder when s is divided by j(-25).
78
Let y be (6 + 1)*(4 + (-26)/7). Let z be 310/6 - y/3. Suppose -11*p = -14*p + z. What is the remainder when p is divided by 12?
5
Let h(b) = -13*b - 18. Suppose -d - 4 = 2*x, 4*x - 7*x - 6 = 4*d. What is the remainder when 11 is divided by h(x)?
3
Suppose -3*d - 2*y + 59223 = 0, -4*d - 23*y + 78960 = -21*y. Calculate the remainder when d is divided by 20.
17
Suppose 0 = 9*t - 5*t - 164. What is the remainder when (460/1035)/((-3)/(-297)) is divided by t?
3
What is the remainder when ((-50786)/(-12) + -1)/(1/6) is divided by 39?
37
Suppose -2*k = -2*j - 2, 2*j - 3*k + 3 + 4 = 0. Let o be 85 - (j +